0. Suppose 0 = -3*s - 4*m - 49, -7*s + 2*s + m = 120. Give q(s).
-14
Let y(l) = 5*l**2 - 9*l. Let n(u) = -9*u**2 + 17*u. Let h(c) = 4*n(c) + 7*y(c). Let w be (-96)/(-100)*3325/532. Determine h(w).
-6
Let n be 0 + -1 + 5 - 22. Let a = -22 - n. Let m(o) = 3*o - 11. Let c(g) = -2*g + 10. Let l(s) = a*c(s) - 3*m(s). What is l(-6)?
-1
Let i be (584/10)/((-30)/(-75)). Let f = i + -147. Let v(x) = 5*x**2 + x + 2. Calculate v(f).
6
Let c be (-2)/44*0/273. Let x(k) = k**2 - 118. Determine x(c).
-118
Let h(o) = -o - 9. Let y = 45 - 48. Let q be 1 - (y + -56) - 2. Let u = q - 58. Give h(u).
-9
Let w = -3716 - -3739. Let l(c) = 4*c - 94. Give l(w).
-2
Let j(d) = -d**2 - 8*d + 4. Let c = 738 + -1058. Let n be -2 + c/52 - (-4)/26. Calculate j(n).
4
Let t(d) = -31*d**2 - 11*d + 21. Let z(c) = 83*c**2 + 32*c - 63. Let r(a) = 8*t(a) + 3*z(a). Calculate r(6).
63
Let k be (-8)/(-3) - 2/3. Suppose k*j - r + 2 = j, 3*r + 34 = -5*j. Let w(q) = -2*q + 1 - 10 + 4*q + 1 + 3. What is w(j)?
-15
Let y(b) be the first derivative of -28*b**2 + 2*b + 38. Let z(j) = -27*j + 1. Let x(n) = 6*y(n) - 13*z(n). What is x(1)?
14
Let s(u) = u - 6. Let d be (-1)/(1/(5 - 12)). Suppose 0 = -d*l + 27 - 111. Let f be 4/l*-3*-5. Determine s(f).
-11
Let i be (3/5)/((-414)/135 - -3). Let q(m) = m**3 + 8*m**2 - 9*m + 1. Give q(i).
1
Let d = 1186 + -1206. Let a(z) = 6*z + 113. Give a(d).
-7
Let c(j) = j**3 + 9*j**2 - 5*j + 39. Let o be c(-10). Let i(s) = 3*s**2 + 7*s + 3. Let h(t) = 16*t**2 + 35*t + 13. Let l(q) = o*i(q) + 2*h(q). Give l(-7).
-7
Let k(c) = 3*c**3 - 44*c**2 - 15*c + 7. Suppose j + r = 13, 4*r = -76*j + 75*j + 7. Give k(j).
7
Let d(k) = -3*k - 5. Suppose 8*l - 1307 = 4653. Let g = l + -751. Give d(g).
13
Let s(x) be the third derivative of 7*x**5/60 + x**4/12 - 659*x**2. Determine s(-1).
5
Suppose -28 = -2*g + 4*w, -3 + 12 = g + 3*w. Let v(t) = -12*t + 139. Let b be v(g). Let c(u) = u**2 + 7*u + 6. What is c(b)?
-4
Let g be (441/(-35) - -7)/(4/(-10)). Let a(m) = 2*m - 13*m**3 + g*m**3 + 0*m**2 + 4 - 5*m + 4*m**2. What is a(-5)?
-6
Let b(j) = 26*j**2 - 79*j - 8. Let f be b(3). Let x(a) = a**2 + 11*a + 9. Give x(f).
9
Let y(z) be the third derivative of z**4/2 + 43*z**3/2 - 376*z**2 - 4*z. What is y(-11)?
-3
Let y(v) = v**3 - 40*v**2 + 39*v - 8. Let r(l) = 2*l**3 - 79*l**2 + 77*l - 17. Let k(m) = -3*r(m) + 5*y(m). What is k(36)?
11
Let b(h) be the third derivative of 0*h**5 - 1/15*h**6 + 0*h + h**2 - 1/24*h**4 - 3 + 0*h**3. Give b(1).
-9
Let z(t) = -9829*t - 4 + 9830*t - 6*t**2 + 12*t**3 - 11*t**3. What is z(6)?
2
Let v(j) = j**2 + 98*j - 1814. Let h be v(16). Let p(d) = 3*d**2 - 33*d + 10. Determine p(h).
-20
Suppose 0 = -p + 3*c - 6 - 10, -3*p + 3*c = 18. Let h(r) = 395318*r**2 - 197653*r**2 - r - 197660*r**2. Calculate h(p).
6
Let f(p) be the first derivative of 0*p - 7/2*p**2 + 11 + 4/3*p**3 - 1/12*p**4. Let g(y) be the second derivative of f(y). Calculate g(7).
-6
Let p(g) = -19*g**2 - 6*g**2 - 28 + 88*g**3 - 170*g**3 + 89*g**3 - 18*g. Let c(y) = -3*y**3 + 12*y**2 + 8*y + 13. Let u(z) = 9*c(z) + 4*p(z). Give u(-8).
5
Let x(l) = 2*l**3 + 11*l**2 - 14*l - 7. Let u(c) = -5*c**3 - 32*c**2 + 40*c + 21. Let s(q) = 3*u(q) + 8*x(q). Let m = 25 - 18. Determine s(m).
14
Let d(r) be the third derivative of -r**6/120 + 13*r**5/30 + 13*r**4/12 + 41*r**3/6 - 8*r**2 + 268. Determine d(27).
14
Let i(h) = -14*h - 10. Let y(x) = 38*x + 32. Let b(k) = 11*i(k) + 4*y(k). Calculate b(11).
-4
Let t(q) = q**2 - 12*q + 17. Let b(l) = -4*l**2 + 33*l - 47. Let d(p) = 4*b(p) + 11*t(p). Let y be (-3)/(-4) + 2/8. Give d(y).
-6
Let y = -35 - -38. Suppose 19*r - 34 = 4. Let q(j) = 5 + 0 - r*j - y*j + 4*j. Calculate q(8).
-3
Suppose b - 40 = -m, 0*b - 160 = -4*b + 3*m. Suppose 0 = -4*c + 8*c - 152. Let v = b - c. Let p(i) = 5*i - 3. Give p(v).
7
Suppose d - 5*y + 4 = -14, 4*d + 8 = 4*y. Suppose -p - 5 = -5*s + 2, -p = -3. Let a(q) = q**3 - d*q + 4*q - 6*q**2 + 6*q**s + 3*q**2. Calculate a(-3).
-6
Let t(i) = -i**3 - 4*i**2 + 3*i - 4. Let g be (-75)/(-45) + 2/(-3). Let x be g/10 - (-153)/(-30). Calculate t(x).
6
Suppose -20*x + 120 = -0*x. Let r(m) be the second derivative of -3/2*m**2 + 0 + 5/6*m**3 - x*m. Give r(3).
12
Let y(l) = 9*l**3 + 9*l**2 + l + 5. Let k(s) = 5*s**3 + 6*s**2 + 3. Let r(f) = -7*k(f) + 4*y(f). Let h(v) = 4*v**3 - v**2 + 2*v. Let d be h(1). Give r(d).
-6
Let y(g) = 2*g**2 + 107*g - 657. Let k be y(-59). Let r(p) = -3*p**2 - 9*p - 2. Let o(m) = -m**2 - 1. Let q(t) = -2*o(t) + r(t). Give q(k).
8
Let l be 6/4*14/(-21). Let g(p) = p**3 - p**2 + p. Let w(k) = -2*k**3 - 5*k**2 + 9*k + 1. Let o(z) = l*w(z) - g(z). What is o(-7)?
20
Let j(d) = -2*d**3 + 11*d**2 - 17. Let p be 53/11 - (-72)/16*(-40)/(-990). Calculate j(p).
8
Let c(y) = -y**2. Let w be c(0). Let s(o) = -o + 8366 - 80*o**2 - 8379 + 81*o**2. Determine s(w).
-13
Let v(s) = 4*s - 1. Let f = -227 - -222. Let j(r) = r - 2. Let q(m) = f*j(m) + v(m). Calculate q(4).
5
Let a(c) = -6*c - 123. Let z be a(-22). Suppose -31*h - z*h = 240. Let v(r) = r**3 + 7*r**2 + 9*r + 12. Calculate v(h).
-6
Let p(w) = -34*w + 1. Let c(b) = 107*b + 114. Let n(g) = -c(g) - 3*p(g). What is n(-23)?
-2
Let i(x) = -x**2 - 6*x - 1. Let o be i(-3). Let m(j) = 17*j - o + 9 - 2*j**2 + 9 + j**2. Let n be m(18). Let w(a) = -a**3 - 8*a**2 + a + 4. Give w(n).
-4
Let o(b) = -3*b**2 - 5*b. Suppose 5*i + 5*g + 35 = 0, -2*g - 363 + 351 = i. Calculate o(i).
-2
Suppose -5*x - 1314 = -5*r + 446, -1398 = 4*x + r. Let y = x + 358. Let s(f) = f + 9. What is s(y)?
17
Let h be 1326/459 + 1/9. Let t(u) = 6*u**2 + 6*u - 3*u**3 - u**3 - 8*u - 7 + h*u**3 + 5*u. Give t(6).
11
Let x(d) = -5*d**2 - 174*d - 4. Let l(y) = 3*y**2 + 99*y + 2. Let j(h) = 7*l(h) + 4*x(h). Give j(2).
-4
Let f(m) = 9317*m - 6 - 3103*m - 3113*m + 9*m**2 - m**3 - 3108*m. What is f(8)?
2
Let h = -7 + 0. Let o(g) = g**3 + 7*g**2 - g - 10. Let m be o(h). Let a(l) be the first derivative of l**4/4 + 2*l**3/3 - l**2/2 - l + 541. What is a(m)?
-7
Suppose 2*g - 6 = 0, 21 = -2*h - 2*h - g. Let d = 38 - 36. Let w(k) = -d*k - 5*k + 4 - 2 + k**3 - 113*k**2 + 118*k**2. Calculate w(h).
8
Let a(m) be the first derivative of m**4/4 + 14*m**3/3 - 8*m**2 - 5*m - 1582. What is a(-15)?
10
Let t(l) = 9*l**3 + 14*l**2 + 27*l - 12. Let o(h) = -22*h**3 - 34*h**2 - 66*h + 30. Let v(c) = 5*o(c) + 12*t(c). Give v(3).
-84
Let w(p) = -p**2 + 1 + p - p. Let g(d) = -43*d - 45. Suppose v + 3*j + 9 = 14, -2*j - 1 = 5*v. Let s be g(v). What is w(s)?
-3
Suppose 6 = 3*v, 2*x - 14 = -0*x - 4*v. Let y = 172 - 167. Suppose -5*d = -y*b + 15, 0*b + 4*b - x = -5*d. Let i(o) = 6*o + 1. Give i(d).
-5
Suppose 0 = 3*v - 2*v + 7. Let g(x) be the third derivative of x**6/120 + 7*x**5/60 + x**4/4 + x**3/6 + x**2 - 292*x + 24. Give g(v).
-41
Let w(b) = -b**3 + 9*b**2 - 5*b. Suppose 0 = 4*r - 119 - 173. Let s = r + -65. What is w(s)?
24
Let t = 180 - 176. Let h(z) = t + 95*z**2 - 94*z**2 - 3. Give h(-1).
2
Let d(p) = p**2 - 2*p - 1. Let t(q) = q**2 - 3*q + 1. Let x(m) = 3*d(m) - 4*t(m). Let s be x(1). Let y(z) = -25*z - 1. Determine y(s).
49
Suppose 2*p + 12 = 4*i, -4*p + 3*i - 16 + 2 = 0. Let o(k) = -25*k**3 - k**2. Let t be o(-1). Let h be -4*p*3/t. Let b(m) = 11*m**2. What is b(h)?
11
Let g(n) = n**2 + n + 2. Let b(j) = -5*j**2 - 12*j - 7. Let w(k) = b(k) + 4*g(k). Let i = 38 - 44. Determine w(i).
13
Suppose -97 + 122 = 50*u - 275. Let z(a) = -a + 2 + a**3 + 1 - 6*a**2 + 1. Calculate z(u).
-2
Let x(c) = -5*c**2 - 8*c + 51. Let n(b) = 21*b**2 + 37*b - 206. Let i(g) = 6*n(g) + 25*x(g). Determine i(-18).
-33
Let c be (2/1 - 3) + 3. Let h(r) = -1 - 8 + r**c - 5*r + 7. Let y = 18137 - 18131. What is h(y)?
4
Let s = 9 - 37. Let r = 487 + -456. Let m = s + r. Let z(c) = c**3 - 2*c**2 + c. Give z(m).
12
Let u(c) = -c - 15. Let x be (-4476)/10 - 48/120. Let g = -462 - x. Give u(g).
-1
Suppose -46*r + 47*r = 22. Let s(z) = 30*z - 11 - 6*z - r*z. Calculate s(9).
7
Let v(y) = 23*y**2 - 2*y + 26. Let t(j) = 24*j**2 - 3*j + 31. Let w(h) = 5*t(h) - 6*v(h). What is w(-2)?
-67
Let d(h) = h - 5. Suppose -10*i - 34 = -94. Suppose i = -u + 10. Determine d(u).
-1
Let f(k) be the third derivative of -k**6/120 - 13*k**5/60 - 13*k**4/24 - 10*k**3/3 + 437*k**2. Determine f(-12).
-8
Let z be ((-30)/8)/((-579)/(-2316)). Let y(v) = -v**2 - 17*v - 13. Determine y(z).
17
Suppose 7 = -2*